[INFO] cloning repository https://github.com/fschutt/fastblur
[INFO] running `Command { std: "git" "-c" "credential.helper=" "-c" "credential.helper=/workspace/cargo-home/bin/git-credential-null" "clone" "--bare" "https://github.com/fschutt/fastblur" "/workspace/cache/git-repos/https%3A%2F%2Fgithub.com%2Ffschutt%2Ffastblur", kill_on_drop: false }`
[INFO] [stderr] Cloning into bare repository '/workspace/cache/git-repos/https%3A%2F%2Fgithub.com%2Ffschutt%2Ffastblur'...
[INFO] running `Command { std: "git" "rev-parse" "HEAD", kill_on_drop: false }`
[INFO] [stdout] 07629f9061db5d4c5f2cf9a40a8a5f7c6111123d
[INFO] checking fschutt/fastblur against try#72f88fc4e9458f89516a0b8b0868f3718aec5b47 for pr-74989
[INFO] running `Command { std: "git" "clone" "/workspace/cache/git-repos/https%3A%2F%2Fgithub.com%2Ffschutt%2Ffastblur" "/workspace/builds/worker-13/source", kill_on_drop: false }`
[INFO] [stderr] Cloning into '/workspace/builds/worker-13/source'...
[INFO] [stderr] done.
[INFO] validating manifest of git repo https://github.com/fschutt/fastblur on toolchain 72f88fc4e9458f89516a0b8b0868f3718aec5b47
[INFO] running `Command { std: "/workspace/cargo-home/bin/cargo" "+72f88fc4e9458f89516a0b8b0868f3718aec5b47" "read-manifest" "--manifest-path" "Cargo.toml", kill_on_drop: false }`
[INFO] started tweaking git repo https://github.com/fschutt/fastblur
[INFO] finished tweaking git repo https://github.com/fschutt/fastblur
[INFO] tweaked toml for git repo https://github.com/fschutt/fastblur written to /workspace/builds/worker-13/source/Cargo.toml
[INFO] crate git repo https://github.com/fschutt/fastblur already has a lockfile, it will not be regenerated
[INFO] running `Command { std: "/workspace/cargo-home/bin/cargo" "+72f88fc4e9458f89516a0b8b0868f3718aec5b47" "fetch" "--locked" "--manifest-path" "Cargo.toml", kill_on_drop: false }`
[INFO] running `Command { std: "docker" "create" "-v" "/var/lib/crater-agent-workspace/builds/worker-13/target:/opt/rustwide/target:rw,Z" "-v" "/var/lib/crater-agent-workspace/builds/worker-13/source:/opt/rustwide/workdir:ro,Z" "-v" "/var/lib/crater-agent-workspace/cargo-home:/opt/rustwide/cargo-home:ro,Z" "-v" "/var/lib/crater-agent-workspace/rustup-home:/opt/rustwide/rustup-home:ro,Z" "-e" "SOURCE_DIR=/opt/rustwide/workdir" "-e" "CARGO_TARGET_DIR=/opt/rustwide/target" "-e" "CARGO_HOME=/opt/rustwide/cargo-home" "-e" "RUSTUP_HOME=/opt/rustwide/rustup-home" "-w" "/opt/rustwide/workdir" "-m" "1610612736" "--user" "0:0" "--network" "none" "rustops/crates-build-env@sha256:d92eaeed33fa75130ca1ee6c8a01d1ffb62bac859dfdfb3450e3e5d1c0146529" "/opt/rustwide/cargo-home/bin/cargo" "+72f88fc4e9458f89516a0b8b0868f3718aec5b47" "metadata" "--no-deps" "--format-version=1", kill_on_drop: false }`
[INFO] [stdout] 59f98e9155fc698c8c68d0da5b3830a9ffe200a881d00f38be535ab2c41cf32e
[INFO] [stderr] WARNING: Your kernel does not support swap limit capabilities or the cgroup is not mounted. Memory limited without swap.
[INFO] running `Command { std: "docker" "start" "-a" "59f98e9155fc698c8c68d0da5b3830a9ffe200a881d00f38be535ab2c41cf32e", kill_on_drop: false }`
[INFO] running `Command { std: "docker" "inspect" "59f98e9155fc698c8c68d0da5b3830a9ffe200a881d00f38be535ab2c41cf32e", kill_on_drop: false }`
[INFO] running `Command { std: "docker" "rm" "-f" "59f98e9155fc698c8c68d0da5b3830a9ffe200a881d00f38be535ab2c41cf32e", kill_on_drop: false }`
[INFO] [stdout] 59f98e9155fc698c8c68d0da5b3830a9ffe200a881d00f38be535ab2c41cf32e
[INFO] running `Command { std: "docker" "create" "-v" "/var/lib/crater-agent-workspace/builds/worker-13/target:/opt/rustwide/target:rw,Z" "-v" "/var/lib/crater-agent-workspace/builds/worker-13/source:/opt/rustwide/workdir:ro,Z" "-v" "/var/lib/crater-agent-workspace/cargo-home:/opt/rustwide/cargo-home:ro,Z" "-v" "/var/lib/crater-agent-workspace/rustup-home:/opt/rustwide/rustup-home:ro,Z" "-e" "SOURCE_DIR=/opt/rustwide/workdir" "-e" "CARGO_TARGET_DIR=/opt/rustwide/target" "-e" "CARGO_INCREMENTAL=0" "-e" "RUST_BACKTRACE=full" "-e" "RUSTFLAGS=--cap-lints=forbid" "-e" "CARGO_HOME=/opt/rustwide/cargo-home" "-e" "RUSTUP_HOME=/opt/rustwide/rustup-home" "-w" "/opt/rustwide/workdir" "-m" "1610612736" "--user" "0:0" "--network" "none" "rustops/crates-build-env@sha256:d92eaeed33fa75130ca1ee6c8a01d1ffb62bac859dfdfb3450e3e5d1c0146529" "/opt/rustwide/cargo-home/bin/cargo" "+72f88fc4e9458f89516a0b8b0868f3718aec5b47" "check" "--frozen" "--all" "--all-targets" "--message-format=json", kill_on_drop: false }`
[INFO] [stdout] b0d51937fdf3bef2d2bb25f17fd0198eb8b7eb65be123def33d244ef56e1f696
[INFO] [stderr] WARNING: Your kernel does not support swap limit capabilities or the cgroup is not mounted. Memory limited without swap.
[INFO] running `Command { std: "docker" "start" "-a" "b0d51937fdf3bef2d2bb25f17fd0198eb8b7eb65be123def33d244ef56e1f696", kill_on_drop: false }`
[INFO] [stderr]    Compiling autocfg v1.0.0
[INFO] [stderr]    Compiling maybe-uninit v2.0.0
[INFO] [stderr]     Checking lazy_static v1.4.0
[INFO] [stderr]     Checking cfg-if v0.1.10
[INFO] [stderr]     Checking scopeguard v1.1.0
[INFO] [stderr]    Compiling byteorder v1.3.4
[INFO] [stderr]    Compiling rayon-core v1.7.0
[INFO] [stderr]     Checking adler32 v1.0.4
[INFO] [stderr]     Checking either v1.5.3
[INFO] [stderr]     Checking inflate v0.2.0
[INFO] [stderr]     Checking color_quant v1.0.1
[INFO] [stderr]     Checking lzw v0.10.0
[INFO] [stderr]     Checking fastblur v0.1.1 (/opt/rustwide/workdir)
[INFO] [stderr]     Checking gif v0.9.2
[INFO] [stderr]    Compiling num-traits v0.2.11
[INFO] [stderr]    Compiling crossbeam-utils v0.7.2
[INFO] [stderr]    Compiling memoffset v0.5.4
[INFO] [stderr]    Compiling crossbeam-epoch v0.8.2
[INFO] [stderr]    Compiling num-integer v0.1.42
[INFO] [stderr]    Compiling num-iter v0.1.40
[INFO] [stderr]     Checking x11-dl v2.18.5
[INFO] [stderr]     Checking deflate v0.7.20
[INFO] [stderr]     Checking crossbeam-queue v0.2.1
[INFO] [stderr]     Checking crossbeam-deque v0.7.3
[INFO] [stderr]     Checking num-traits v0.1.43
[INFO] [stderr]     Checking enum_primitive v0.1.1
[INFO] [stderr]     Checking rayon v1.3.0
[INFO] [stderr]     Checking num-rational v0.1.42
[INFO] [stderr]     Checking png v0.9.0
[INFO] [stderr]     Checking jpeg-decoder v0.1.18
[INFO] [stderr]     Checking image v0.15.0
[INFO] [stdout] warning: unused import: `super::utils`
[INFO] [stdout]   --> src/test.rs:65:9
[INFO] [stdout]    |
[INFO] [stdout] 65 |     use super::utils;
[INFO] [stdout]    |         ^^^^^^^^^^^^
[INFO] [stdout]    |
[INFO] [stdout]    = note: `#[warn(unused_imports)]` on by default
[INFO] [stdout] 
[INFO] [stdout] 
[INFO] [stdout] error: use of unstable library feature 'test': `bench` is a part of custom test frameworks which are unstable
[INFO] [stdout]  --> src/bench.rs:4:3
[INFO] [stdout]   |
[INFO] [stdout] 4 | #[bench]
[INFO] [stdout]   |   ^^^^^
[INFO] [stdout]   |
[INFO] [stdout]   = note: `#[deny(soft_unstable)]` on by default
[INFO] [stdout]   = warning: this was previously accepted by the compiler but is being phased out; it will become a hard error in a future release!
[INFO] [stdout]   = note: for more information, see issue #64266 <https://github.com/rust-lang/rust/issues/64266>
[INFO] [stdout] 
[INFO] [stdout] 
[INFO] [stdout] error[E0658]: use of unstable library feature 'test'
[INFO] [stdout]  --> src/bench.rs:2:1
[INFO] [stdout]   |
[INFO] [stdout] 2 | extern crate test;
[INFO] [stdout]   | ^^^^^^^^^^^^^^^^^^
[INFO] [stdout]   |
[INFO] [stdout]   = note: see issue #50297 <https://github.com/rust-lang/rust/issues/50297> for more information
[INFO] [stdout]   = help: add `#![feature(test)]` to the crate attributes to enable
[INFO] [stdout] 
[INFO] [stdout] 
[INFO] [stdout] error[E0658]: use of unstable library feature 'test'
[INFO] [stdout]  --> src/bench.rs:5:29
[INFO] [stdout]   |
[INFO] [stdout] 5 | fn bench_blur_image(b: &mut test::Bencher) {
[INFO] [stdout]   |                             ^^^^^^^^^^^^^
[INFO] [stdout]   |
[INFO] [stdout]   = note: see issue #50297 <https://github.com/rust-lang/rust/issues/50297> for more information
[INFO] [stdout]   = help: add `#![feature(test)]` to the crate attributes to enable
[INFO] [stdout] 
[INFO] [stdout] 
[INFO] [stdout] error[E0658]: use of unstable library feature 'test'
[INFO] [stdout]   --> src/bench.rs:24:11
[INFO] [stdout]    |
[INFO] [stdout] 24 |         b.iter(||  { gaussian_blur(&mut data_new, width as usize, height as usize, 50.0); } );
[INFO] [stdout]    |           ^^^^
[INFO] [stdout]    |
[INFO] [stdout]    = note: see issue #50297 <https://github.com/rust-lang/rust/issues/50297> for more information
[INFO] [stdout]    = help: add `#![feature(test)]` to the crate attributes to enable
[INFO] [stdout] 
[INFO] [stdout] 
[INFO] [stdout] error: aborting due to 4 previous errors; 1 warning emitted
[INFO] [stdout] 
[INFO] [stdout] 
[INFO] [stdout] For more information about this error, try `rustc --explain E0658`.
[INFO] [stdout] 
[INFO] [stderr] error: could not compile `fastblur`.
[INFO] [stderr] 
[INFO] [stderr] To learn more, run the command again with --verbose.
[INFO] running `Command { std: "docker" "inspect" "b0d51937fdf3bef2d2bb25f17fd0198eb8b7eb65be123def33d244ef56e1f696", kill_on_drop: false }`
[INFO] running `Command { std: "docker" "rm" "-f" "b0d51937fdf3bef2d2bb25f17fd0198eb8b7eb65be123def33d244ef56e1f696", kill_on_drop: false }`
[INFO] [stdout] b0d51937fdf3bef2d2bb25f17fd0198eb8b7eb65be123def33d244ef56e1f696
